, 47
Suppose -2*i - 11 = -3*z - i, 4*i + 20 = 0. Let w be (-6)/4*2/(-3). List the prime factors of (1/z)/w*218.
109
Let c(i) = 12*i**2 - i - 2. Let w be c(1). Let d = -1 + w. Suppose 2*b = -d*b + 1280. List the prime factors of b.
2
Suppose 5*j - 4019 = -2*m, -6*j + 2409 = -3*j + 2*m. Suppose -4*p + 5*p = -2*v + j, 0 = -3*v + 4*p + 1202. What are the prime factors of v?
2, 3, 67
Suppose 3*s - 6*s = 24. Let h be (-24)/(-10)*(-2100)/s. Suppose -6*a - h = -12*a. What are the prime factors of a?
3, 5, 7
Let j = 2699 - -15813. List the prime factors of j.
2, 13, 89
List the prime factors of -237*(-18 + -95) - 8.
41, 653
Suppose -2*g = 53*g - 74030. List the prime factors of g.
2, 673
Let y be 0 + (89 - -8 - 1*-2). Let j be -23*(-6)/33 + (-18)/y. Suppose -28 - 120 = -j*o. What are the prime factors of o?
37
Suppose 65*h + 1065 = 64*h. Let w = h + 1812. Suppose -7*l + 16*l - w = 0. What are the prime factors of l?
83
Suppose -38029 = 20*w - 3*w. Let g = -1310 - w. What are the prime factors of g?
3, 103
Suppose -28*i + 21*i + 2450 = 0. List the prime factors of i.
2, 5, 7
Let n(k) = -k**2 + 41*k + 20. Let i be n(41). Suppose 24*j - 5648 = i*j. List the prime factors of j.
2, 353
Let f be (-2)/(-4) + (-3)/(-2). Let k = -1455 - -1457. Suppose -f*d = -k - 74. List the prime factors of d.
2, 19
Let i be 272/72 - (4 + (-38)/9). Suppose i*m - 5*k - 5018 = 0, k - 622 = -m + 637. List the prime factors of m.
3, 419
What are the prime factors of (-11802)/(-28)*2010/45?
67, 281
Suppose -g + 10 - 5 = 0. Suppose 7*u - 9*u = -g*i - 430, u + 2*i = 215. List the prime factors of u.
5, 43
Suppose -1066*g = -975*g - 445627. What are the prime factors of g?
59, 83
What are the prime factors of (-111)/74 - (26014*2/(-8) + -2)?
2, 3, 271
Let f(k) = 1625*k**2 + 175*k + 522. List the prime factors of f(-3).
2, 3, 2437
Suppose 381*c - 386*c = -5. List the prime factors of (11*6)/(-2*c/(-2)).
2, 3, 11
Let r(l) = 2*l - 11. Let i be r(4). Let g be i/(1/(0 + -1)). Suppose -2*p + 2*v + 378 = 0, -5*p + 921 = -g*v + 4*v. List the prime factors of p.
5, 37
Let y be ((-30)/(-9))/(-2 - (-4)/3). Let j be 1/y + (-127292)/(-110). Suppose j = 6*c + 83. List the prime factors of c.
179
Suppose -6119*z + 6129*z = 79100. List the prime factors of z.
2, 5, 7, 113
Let a be (-6)/18 - 3388/(-12). Suppose -o - 2*u + a = 0, -2*o - 349 = -5*u - 868. List the prime factors of o.
2, 17
Let v(c) = -4 - 32*c + 15*c + 19*c. Let g be v(2). Suppose g = j - 0*w - 4*w - 103, -5*w + 58 = j. What are the prime factors of j?
83
Let l = 20252 + -6343. List the prime factors of l.
7, 1987
Let v be (-1 + 1)*(116/8)/(-29). Suppose -2*o + 4070 = 12*h - 8*h, -4*h - 3*o + 4071 = v. List the prime factors of h.
3, 113
Suppose -12*h - 21 = -19*h. Suppose -5*s = 3*c - 517, -c = h*c - s - 651. What are the prime factors of c?
2, 41
Suppose -2*r + 3360 = 12*r. What are the prime factors of (r/1)/((-270)/(-360))?
2, 5
Let p = -30 - -13. Let d be (-2)/4*(p + 13). Suppose -w + 75 = -2*i + 5*i, -d*w + 194 = -5*i. List the prime factors of w.
3, 29
Let q(h) = -16*h**2 - 21*h - 6. Let b be q(-6). Suppose -r - 12 = 4*v, 0*r + v - 81 = 5*r. List the prime factors of (3 - 1)*b/r.
3, 19
Let p(o) = -64*o + 2. Let f be p(-1). Let b = f - 62. Suppose -700 = b*v - 8*v. What are the prime factors of v?
5, 7
Let b(r) = 1079*r - 1188. What are the prime factors of b(13)?
37, 347
Let w(i) = 7*i**3 + i**2 + 2*i + 2. Let d be (-10)/25*-15 + -3. What are the prime factors of w(d)?
2, 103
Let j = 1744 + -921. Suppose 2422 = -j*i + 825*i. List the prime factors of i.
7, 173
Let b be (-205)/2 - (-36)/(-24). Let g = -65 - b. List the prime factors of g.
3, 13
Let c = -392 - -16545. What are the prime factors of c?
29, 557
Let r(q) = q**2 + 7*q - 14. Let p = -5 - -58. Suppose -5*i + p = 4*f, 4*f - 2*i = i + 13. List the prime factors of r(f).
2, 3, 7
Suppose -4*d = -4*b + 148, 251 = 5*b - 3*d + 60. Suppose 0 = 8*g - 0 - b. Suppose g = -3*m + 254. List the prime factors of m.
83
Let x(i) = i**2 + 5*i - 2. Let c be x(-6). Let n be ((1398/c)/(-3))/((-10)/40). Suppose 0*b - b = -4*d - 80, 2*d = -5*b + n. What are the prime factors of b?
2, 23
Let k(s) = 6*s**3 + 14*s**2 - 17*s + 11. Let q be k(10). What are the prime factors of q/8 + (-6)/48?
5, 181
Suppose -496*c = -502*c + 6804. Suppose -4*l - c + 3012 = 5*a, 3*l + 1899 = 5*a. List the prime factors of a.
2, 3, 7
Let u(a) = -2*a**2 + 6*a - 4. Let s be u(4). What are the prime factors of (s/(-5))/4 - (-516)/15?
5, 7
Let z(m) = -2*m - 14. Let u(y) = -2*y - 14. Let l(c) = -3*u(c) + 4*z(c). Let h be l(-4). List the prime factors of ((-15)/h - 2)*38.
19
Let u(j) = 16*j + 23. Let i = 61 + -49. Let b be u(i). Suppose 3*t + c - b = -0, 139 = 2*t + 5*c. List the prime factors of t.
2, 3
Let x = -30 - -3355. Let k = -1268 + x. What are the prime factors of k?
11, 17
Let s(n) = -n**3 - 6*n**2 + 19*n + 24. Let y be s(-8). Suppose y = 13*p - 2177 - 852. List the prime factors of p.
233
Suppose 7*r - 2339 - 3632 = 0. Let n = r - 570. List the prime factors of n.
283
Suppose 1630 = 5*a - 4*z - 2731, -1743 = -2*a + 3*z. Suppose 0 = -2*n + 5*c + 843, 0*n - 2*n = c - a. What are the prime factors of n?
2, 7, 31
Let l = 50295 + -35652. What are the prime factors of l?
3, 1627
Let b(h) = 2*h - 3. Let f be b(10). Let k = 11 + f. List the prime factors of k + -6 - (-6 + 3).
5
Let l be 510/90*(-14 - -2). What are the prime factors of 12*((-368)/(-6) + l/(-17))?
2, 7
Let i = 8 + -10. Let x(u) = -8*u**3 + u + 2. Let t be x(i). Suppose -2*l - t = -6*l. List the prime factors of l.
2
Suppose 4*u = -5*h - 40, -7*h + 4*h + 4*u + 8 = 0. What are the prime factors of 88 + (h/12)/(3/27)?
5, 17
Suppose -2*o + 414 = p, -3*o + 0 = 15. Let u = -202 + p. Suppose 5*j - 570 = -5*v - 0*v, 0 = 2*j + 4*v - u. What are the prime factors of j?
3, 13
Let x = 149 - 145. Suppose -2*m = -x, 6*p = 3*p + 3*m + 1419. What are the prime factors of p?
5, 19
Let g(y) be the first derivative of 7*y**2/2 - 36*y + 1. Let j = -209 + 234. List the prime factors of g(j).
139
Suppose n - 325 = 171. Suppose 31*g - 310 = n. What are the prime factors of g?
2, 13
What are the prime factors of (-361)/(23 - 4) - -30557?
2, 15269
Suppose 1 = 5*q - 5*h - 4, 4*q - 20 = -4*h. Let w be -2 + 41/q - 30/45. What are the prime factors of 122 - (1 + -1)/(w + -9)?
2, 61
Let i(w) = -w**3 - w**2 + 4*w + 4. Let d be i(-1). Suppose d = 7*x - 19*x + 2808. What are the prime factors of x?
2, 3, 13
Let a = 37 - 33. Let r be (5/1 - a)/((-1)/(-3)). Suppose j + 6*x = r*x + 231, -3*x - 954 = -4*j. What are the prime factors of j?
3, 79
Let i(v) = -2*v**2 - 7*v + 2. Let z(b) = -3*b**2 - 7*b + 1. Let f(c) = -c + 6. Let a be f(2). Let t(p) = a*i(p) - 5*z(p). What are the prime factors of t(-5)?
11, 13
Let g(u) = 69*u + 3569. What are the prime factors of g(-17)?
2, 599
List the prime factors of (-28)/56*(-159350)/5.
5, 3187
Suppose -4*g - 21 = 4*s + 15, g + 2*s + 10 = 0. Let z = 16 + 69. Let a = g + z. What are the prime factors of a?
7, 11
Let u(x) = x**3 - 14*x**2 - x + 17. Let c be u(14). Suppose n = 8 - c. Suppose 0 = n*g + 6*g - 1859. List the prime factors of g.
13
Let t be 97*(-3)/(1 + 2). Let x = t + 104. What are the prime factors of x?
7
Let h = 26 + -24. Suppose -2*x - 16 = -5*y + 1, -h*y - 4*x = -26. Suppose 0 = -y*p - 3*p + 1328. What are the prime factors of p?
2, 83
List the prime factors of 48/(11/(-1584)*-4).
2, 3
Let y(s) = -s**2 - 15*s - 24. Let u be y(-13). Suppose t = u*t + 5*n - 83, -4*t + n + 290 = 0. What are the prime factors of t?
73
Suppose 305810 - 1259165 = -65*j. What are the prime factors of j?
3, 4889
Suppose -11*m + 4394 = 2*m. Suppose 923 - m = 15*l. List the prime factors of l.
3, 13
Suppose 0*t = -9*t + 36. Suppose 0 = -5*k - t*k + 18. Suppose -4*d = k*p - 196, p + 17 = d - 35. What are the prime factors of d?
2, 5
Let z = 14471 + -6722. List the prime factors of z.
3, 7, 41
Let x(v) = 194*v - 89. Let d be x(1). Let f = 1 - -2. Suppose f*s - 3 = d. List the prime factors of s.
2, 3
Let k be 3249/3 + -1 + -2. Let v = k - 716. What are the prime factors of v?
2, 7, 13
Suppose 0 = -5*b + 4*x - 20, -5*b - 5*x = -2*x - 15. Suppose 2*r + 0 - 10 = 0, 5*u - 2*r + 5 = b. List the prime factors of u + -1 + (-123)/(3*-1).
41
Suppose q + 5*x - 18088 = 0, -30